
{"id":229112,"date":"2020-04-23T10:13:28","date_gmt":"2020-04-23T10:13:28","guid":{"rendered":"https:\/\/shop-foerdewasser.siteschrift.de\/?page_id=229112"},"modified":"2020-09-03T19:39:02","modified_gmt":"2020-09-03T19:39:02","slug":"impressum","status":"publish","type":"page","link":"https:\/\/robertz-gmbh.com\/shop\/impressum\/","title":{"rendered":"Impressum"},"content":{"rendered":"<p>[et_pb_section fb_built=&#8221;1&#8243; admin_label=&#8221;Contact Info&#8221; _builder_version=&#8221;4.5.1&#8243; use_background_color_gradient=&#8221;on&#8221; background_color_gradient_start=&#8221;rgba(22,94,62,0.92)&#8221; background_color_gradient_end=&#8221;#165e3e&#8221; background_color_gradient_type=&#8221;radial&#8221; background_color_gradient_direction_radial=&#8221;top left&#8221; background_color_gradient_start_position=&#8221;25%&#8221; background_color_gradient_end_position=&#8221;70%&#8221; background_color_gradient_overlays_image=&#8221;on&#8221; background_image=&#8221;https:\/\/robertz-gmbh.com\/shop\/wp-content\/uploads\/2020\/08\/church-01.jpg&#8221; background_blend=&#8221;multiply&#8221; max_width=&#8221;90%&#8221; module_alignment=&#8221;center&#8221; custom_padding=&#8221;60px||40px|||&#8221; animation_style=&#8221;slide&#8221; animation_direction=&#8221;bottom&#8221; animation_intensity_slide=&#8221;2%&#8221; scroll_vertical_motion_enable=&#8221;on&#8221; scroll_vertical_motion=&#8221;0|50|50|100|2|0|0&#8243; scroll_horizontal_motion=&#8221;0|50|50|100|4|2|2&#8243; box_shadow_style=&#8221;preset1&#8243; box_shadow_vertical=&#8221;-10px&#8221; box_shadow_blur=&#8221;60px&#8221;][et_pb_row column_structure=&#8221;1_4,1_4,1_2&#8243; _builder_version=&#8221;3.25&#8243; custom_padding=&#8221;0|0px|1px|0px|false|false&#8221;][et_pb_column type=&#8221;1_4&#8243; _builder_version=&#8221;3.25&#8243; custom_padding=&#8221;|||&#8221; custom_padding__hover=&#8221;|||&#8221;][et_pb_blurb title=&#8221;Telefon&#8221; use_icon=&#8221;on&#8221; font_icon=&#8221;%%264%%&#8221; icon_color=&#8221;#ffffff&#8221; icon_placement=&#8221;left&#8221; use_icon_font_size=&#8221;on&#8221; icon_font_size=&#8221;16px&#8221; _builder_version=&#8221;3.19.5&#8243; header_level=&#8221;h6&#8243; header_font=&#8221;Roboto||||||||&#8221; header_font_size=&#8221;16px&#8221; header_line_height=&#8221;1.4em&#8221; body_font=&#8221;Roboto||||||||&#8221; body_text_color=&#8221;rgba(255,255,255,0.4)&#8221; body_font_size=&#8221;12px&#8221; body_line_height=&#8221;1.6em&#8221; background_layout=&#8221;dark&#8221;]<\/p>\n<p>05424 &#8211; 39 60 988<\/p>\n<p>[\/et_pb_blurb][et_pb_blurb title=&#8221;Fax&#8221; use_icon=&#8221;on&#8221; font_icon=&#8221;%%142%%&#8221; icon_color=&#8221;#ffffff&#8221; icon_placement=&#8221;left&#8221; use_icon_font_size=&#8221;on&#8221; icon_font_size=&#8221;16px&#8221; _builder_version=&#8221;3.19.5&#8243; header_level=&#8221;h6&#8243; header_font=&#8221;Roboto||||||||&#8221; header_font_size=&#8221;16px&#8221; header_line_height=&#8221;1.4em&#8221; body_font=&#8221;Roboto||||||||&#8221; body_text_color=&#8221;rgba(255,255,255,0.4)&#8221; body_font_size=&#8221;12px&#8221; body_line_height=&#8221;1.6em&#8221; background_layout=&#8221;dark&#8221;]<\/p>\n<p>05424 &#8211; 39 60 987<\/p>\n<p>[\/et_pb_blurb][\/et_pb_column][et_pb_column type=&#8221;1_4&#8243; _builder_version=&#8221;3.25&#8243; custom_padding=&#8221;|||&#8221; custom_padding__hover=&#8221;|||&#8221;][et_pb_blurb title=&#8221;Adresse&#8221; use_icon=&#8221;on&#8221; font_icon=&#8221;%%249%%&#8221; icon_color=&#8221;#ffffff&#8221; icon_placement=&#8221;left&#8221; use_icon_font_size=&#8221;on&#8221; icon_font_size=&#8221;16px&#8221; _builder_version=&#8221;3.19.5&#8243; header_level=&#8221;h6&#8243; header_font=&#8221;Roboto||||||||&#8221; header_font_size=&#8221;16px&#8221; header_line_height=&#8221;1.4em&#8221; body_font=&#8221;Roboto||||||||&#8221; body_text_color=&#8221;rgba(255,255,255,0.4)&#8221; body_font_size=&#8221;12px&#8221; body_line_height=&#8221;1.6em&#8221; background_layout=&#8221;dark&#8221;]<\/p>\n<p>Bielefelder Stra\u00dfe 2<br \/>\n49176 Hilter a.T.W.<\/p>\n<p>[\/et_pb_blurb][et_pb_blurb title=&#8221;Email&#8221; use_icon=&#8221;on&#8221; font_icon=&#8221;%%238%%&#8221; icon_color=&#8221;#ffffff&#8221; icon_placement=&#8221;left&#8221; use_icon_font_size=&#8221;on&#8221; icon_font_size=&#8221;16px&#8221; _builder_version=&#8221;3.19.5&#8243; header_level=&#8221;h6&#8243; header_font=&#8221;Roboto||||||||&#8221; header_font_size=&#8221;16px&#8221; header_line_height=&#8221;1.4em&#8221; body_font=&#8221;Roboto||||||||&#8221; body_text_color=&#8221;rgba(255,255,255,0.4)&#8221; body_font_size=&#8221;12px&#8221; body_line_height=&#8221;1.6em&#8221; background_layout=&#8221;dark&#8221;]<\/p>\n<p>info@robertz-gmbh.com<\/p>\n<p>[\/et_pb_blurb][\/et_pb_column][et_pb_column type=&#8221;1_2&#8243; _builder_version=&#8221;3.25&#8243; custom_padding=&#8221;|||&#8221; custom_padding__hover=&#8221;|||&#8221;][et_pb_text _builder_version=&#8221;4.5.1&#8243; _module_preset=&#8221;2b112406-3c22-4096-8cb7-c59a89e151b4&#8243; text_font=&#8221;impact||||||||&#8221; text_text_color=&#8221;#19603f&#8221; header_text_color=&#8221;#ffffff&#8221; header_2_text_color=&#8221;#19603f&#8221; header_2_font_size=&#8221;40px&#8221; custom_margin=&#8221;||26px|||&#8221; header_2_font_size_phone=&#8221;30px&#8221;]<\/p>\n<h1>Impressum<\/h1>\n<p>[\/et_pb_text][\/et_pb_column][\/et_pb_row][\/et_pb_section][et_pb_section fb_built=&#8221;1&#8243; _builder_version=&#8221;4.5.1&#8243; _module_preset=&#8221;default&#8221; custom_padding=&#8221;||0px|||&#8221;][et_pb_row column_structure=&#8221;1_2,1_2&#8243; _builder_version=&#8221;4.5.1&#8243; _module_preset=&#8221;default&#8221;][et_pb_column type=&#8221;1_2&#8243; _builder_version=&#8221;4.5.1&#8243; _module_preset=&#8221;default&#8221;][et_pb_text admin_label=&#8221;Default Header&#8221; module_class=&#8221;default-header&#8221; _builder_version=&#8221;4.6.0&#8243; module_alignment=&#8221;right&#8221; hover_enabled=&#8221;0&#8243; sticky_enabled=&#8221;0&#8243;]<\/p>\n<p>Angaben gem\u00e4\u00df \u00a7 5 TMG: Robertz GmbH<br \/> Gesch\u00e4ftsf\u00fchrer: Ralf Robertz<br \/> Bielefelder Stra\u00dfe 2<br \/> 49176 Hilter a.T.W<\/p>\n<p>&nbsp;<\/p>\n<p>Inhaltlich Verantwortliche: Ralf Robertz (Anschrift s.o.)<\/p>\n<p>Kontakt:<\/p>\n<p>Telefon: 05424-3960988<br \/> Telefax: 05424-3960987<br \/> E-Mail: <a href=\"mailto:info@robertz-gmbh.com\">info@robertz-gmbh.com<\/a><\/p>\n<p>Registereintrag:<br \/> Amtsgericht Osnabr\u00fcck<br \/> Registernummer: HRB 208862<br \/> USt-IdNr.: DE297021180<br \/> Steuernummer: 65\/210\/14009 \u2013 2007<\/p>\n<p>&nbsp;<\/p>\n<p>IBAN: DE08 2656 2490 02077680 00<br \/> BIC: GENODEF1HTR<\/p>\n<p>Online-Streitbeilegung gem\u00e4\u00df Art. 14 Abs. 1 ODR-VO: Die Europ\u00e4ische Kommission stellt eine Plattform zur Online-Streitbeilegung (OS) bereit, die Sie unter http:\/\/ec.europa.eu\/consumers\/odr\/ finden.<br \/> Layouterstellung und Servertechnik:<\/p>\n<p>Konzeption, Gestaltung, Programmierung:<\/p>\n<p><a href=\"https:\/\/robertz-gmbh.com\/shop\/wp-content\/uploads\/2020\/09\/Logo_MAXIMIZE-YOUR-WEB_Hoch_dunkel.svg\"><img loading=\"lazy\" decoding=\"async\" src=\"https:\/\/robertz-gmbh.com\/shop\/wp-content\/uploads\/2020\/09\/Logo_MAXIMIZE-YOUR-WEB_Hoch_dunkel.svg\" width=\"150\" height=\"150\" alt=\"\" class=\"wp-image-235353 alignnone size-thumbnail\" \/><\/a><\/p>\n<p>Maximize Your Web | Werbeagentur<br \/> Internet: www.maximize-your-web.de<br \/> E-Mail: info@maximize-your-web.de<\/p>\n<p>[\/et_pb_text][\/et_pb_column][et_pb_column type=&#8221;1_2&#8243; _builder_version=&#8221;4.5.1&#8243; _module_preset=&#8221;default&#8221;][\/et_pb_column][\/et_pb_row][\/et_pb_section]<\/p>\n","protected":false},"excerpt":{"rendered":"<p>05424 &#8211; 39 60 988 05424 &#8211; 39 60 987 Bielefelder Stra\u00dfe 2 49176 Hilter a.T.W. info@robertz-gmbh.comImpressumAngaben gem\u00e4\u00df \u00a7 5 TMG: Robertz GmbH Gesch\u00e4ftsf\u00fchrer: Ralf Robertz Bielefelder Stra\u00dfe 2 49176 Hilter a.T.W &nbsp; Inhaltlich Verantwortliche: Ralf Robertz (Anschrift s.o.) Kontakt: Telefon: 05424-3960988 Telefax: 05424-3960987 E-Mail: info@robertz-gmbh.com Registereintrag: Amtsgericht Osnabr\u00fcck Registernummer: HRB 208862 USt-IdNr.: DE297021180 Steuernummer: [&hellip;]<\/p>\n","protected":false},"author":2173,"featured_media":0,"parent":0,"menu_order":0,"comment_status":"closed","ping_status":"closed","template":"","meta":{"_et_pb_use_builder":"on","_et_pb_old_content":"","_et_gb_content_width":"","inline_featured_image":false,"footnotes":""},"class_list":["post-229112","page","type-page","status-publish","hentry"],"_links":{"self":[{"href":"https:\/\/robertz-gmbh.com\/shop\/wp-json\/wp\/v2\/pages\/229112","targetHints":{"allow":["GET"]}}],"collection":[{"href":"https:\/\/robertz-gmbh.com\/shop\/wp-json\/wp\/v2\/pages"}],"about":[{"href":"https:\/\/robertz-gmbh.com\/shop\/wp-json\/wp\/v2\/types\/page"}],"author":[{"embeddable":true,"href":"https:\/\/robertz-gmbh.com\/shop\/wp-json\/wp\/v2\/users\/2173"}],"replies":[{"embeddable":true,"href":"https:\/\/robertz-gmbh.com\/shop\/wp-json\/wp\/v2\/comments?post=229112"}],"version-history":[{"count":4,"href":"https:\/\/robertz-gmbh.com\/shop\/wp-json\/wp\/v2\/pages\/229112\/revisions"}],"predecessor-version":[{"id":235354,"href":"https:\/\/robertz-gmbh.com\/shop\/wp-json\/wp\/v2\/pages\/229112\/revisions\/235354"}],"wp:attachment":[{"href":"https:\/\/robertz-gmbh.com\/shop\/wp-json\/wp\/v2\/media?parent=229112"}],"curies":[{"name":"wp","href":"https:\/\/api.w.org\/{rel}","templated":true}]}}